at is the units digit of t(h)?
0
Suppose -4*b + 97792 = 5*r, 48*r - b + 58664 = 51*r. What is the tens digit of r?
5
Let m be (-4)/(-36) - (-56)/(-18) - -1084. Let x = 2356 - m. What is the tens digit of x?
7
What is the hundreds digit of -3*(2/(-5))/(270/18803925)?
5
Let k = -17399 + 52693. What is the units digit of k?
4
Suppose 5*w - 2 = 3*r + 30, -4*w + 2*r = -26. Suppose -w*b + 21 + 399 = 0. What is the units digit of b?
0
Let i = -308 - -4238. Let v be (-2)/8*(4 - 0). What is the tens digit of (-1)/6 + (v - i/(-36))?
0
Suppose 0 = 5*u - 4*s - 4, -u = -2*u + 2*s + 2. Suppose 7*p + 8 - 36 = u. Suppose 0*z = -5*z - i + 529, 436 = p*z + 4*i. What is the units digit of z?
5
Let h = -997 - -1426. Suppose -h*f = -424*f - 295. What is the units digit of f?
9
Suppose -2*p - 60 = -0*p. Let a = 343 + -243. Let k = a + p. What is the units digit of k?
0
Let r(y) = -7*y**3 + 2*y**2 + 6*y + 3. Let j(h) = -h**2 - 4*h + 55. Let z be j(-10). What is the hundreds digit of r(z)?
8
Let u = 542 + -851. Let k = u + 480. What is the tens digit of k?
7
Suppose -z = -5*r - 2755, -z + 11*r - 9*r + 2752 = 0. Suppose -18*c + z = -13*c. What is the hundreds digit of c?
5
Let g be (-54)/(-14) - (-2)/(2 + 12). Suppose 724 = 4*c - g*t, -4*t - 2 + 370 = 2*c. What is the tens digit of c?
8
Let j(w) = 2*w**2 - 9*w - 1. Let m(o) = o**3 - 8*o**2 + 15*o + 5. Let b be m(5). Let f be j(b). What is the tens digit of ((-7)/28*-59)/(1/f)?
5
Suppose -17*h + 45*h + 2632 = 0. Let s = h + 729. What is the hundreds digit of s?
6
Let t(s) = 2*s**2 + 30*s - 22. Let f(i) = -i**2 - 6*i + 32. Let y be f(-11). What is the tens digit of t(y)?
4
Let i = -7475 - -22606. What is the ten thousands digit of i?
1
Let c be (-2772)/(-32) + ((-45)/(-24))/5. What is the units digit of ((-232)/c)/((-1)/36)?
6
Suppose -b = 5*x + 43, -5*b + 4*b - 57 = -2*x. Let h = 789 + b. What is the tens digit of h?
3
Let y = -98 + 101. Suppose -x = -y*g - 205, 5*g - x = -443 + 98. Let c = g - -253. What is the hundreds digit of c?
1
Let p(v) = v**3 + 10*v**2 - 186*v - 20. What is the tens digit of p(11)?
7
Let w = -178 + 180. Suppose w*z - 681 = 5*y, y + 368 = z + 4*y. What is the tens digit of z?
5
Let i be ((1 - 1)/(-3))/(-6 - -3). Suppose -k + i = -5. Suppose 4*q - 93 = -k*n + 63, 26 = q - 2*n. What is the units digit of q?
4
Let y(h) = h**3 + 26*h + 27669. What is the thousands digit of y(0)?
7
What is the hundreds digit of (-32842)/(-12) + 18/108?
7
What is the units digit of (-1 - (-4432)/(-6))/((-214)/2568)?
6
Suppose 5*s + 5 = 3*r - 9, 4*s - 8 = 0. Suppose 0 = -r*t - 2862 + 14566. What is the thousands digit of t?
1
Let n = -598 + 1216. Suppose -824 - 204 = -5*q + 3*u, 0 = 3*q - 3*u - n. What is the hundreds digit of q?
2
Suppose 35 - 611 = n. Let s = n + 1327. What is the hundreds digit of s?
7
Let g be (-1 - 1747)/(-1 + -1). Suppose 3*n = -2*p + 657, 3*n - 7*n + g = 2*p. What is the tens digit of n?
1
Suppose -5*w - 4*l = 11242, 5*w + 102*l + 11246 = 100*l. Let t = -995 - w. What is the hundreds digit of t?
2
Suppose 133541*i - 133550*i + 533853 = 0. What is the units digit of i?
7
Suppose -68*b + 12*b = 103*b - 377307. What is the thousands digit of b?
2
Let f(h) be the first derivative of 11*h**2/2 + 69*h + 49. Let o be f(-6). Suppose 0 = -3*l - o*l + 1068. What is the tens digit of l?
7
Let o(t) = 35*t**3 + 2*t**2 - 3. Let s be o(2). Let l = 178 + -324. Let w = l + s. What is the units digit of w?
9
Suppose 0 = -24*c + 5*c + 34941. Suppose 4*a = -3*z + 1394, -5*a + c + 19 = 4*z. What is the units digit of z?
2
Suppose 243747 = 64*h + 155*h. What is the units digit of h?
3
Let v = -250 - -2384. What is the units digit of v?
4
Let d = -552 - -560. Let f be (1726/(-3))/(1/(-3)). Suppose d*r - f = -22. What is the hundreds digit of r?
2
Suppose -3*t - x = 466, -x - x = -5*t - 762. What is the units digit of 150/(-2)*t/35?
0
Let d(r) = -2*r**3 - 8*r**2 + 10*r - 7. Let m be d(6). Let t = -369 - m. What is the units digit of 52/(-182) + t/14?
1
Let z(d) = 23*d + 664. Let o be z(-29). Let c(b) be the second derivative of -b**5/20 - b**4/12 + 4*b**3/3 + 15*b**2/2 + b. What is the units digit of c(o)?
9
Suppose 0 = k - 28*d + 23*d - 7265, 4*k + 3*d = 29152. What is the units digit of k?
5
Let f = -69 + 67. Let c be f + 4/(1 - 0). Let x(n) = 10*n**3 + n**2 - 4. What is the units digit of x(c)?
0
Suppose -4*v + x = -103, 0 = 2*v - 3*x - 41 - 8. What is the units digit of (336/(-5))/(v/(-130))?
6
Suppose 5*k = 3*i + 298, -95 = -k + i - 37. Suppose -5*f - 120 = -2*d, k = d + 5*f + 17. What is the units digit of d?
5
What is the units digit of -1 + 2 + 5 + 912?
8
Let y = -57 - -57. Suppose -3*i - 2*h + 12 = y, 0 = 2*h - 4 - 2. What is the tens digit of (i/(-7))/((-7)/2009)?
8
Let y be ((-4)/6)/(9/((-108)/(-8))). What is the tens digit of y/2 - (22988/8)/(-7)?
1
Suppose 8*m - 254402 = 139998. What is the tens digit of m?
0
Suppose u + f - 155 = -4*f, 2*f = -u + 149. Suppose -2*w - u = -7*w. Suppose w = j - 4*g, 2*g = 5*g + 9. What is the tens digit of j?
1
Let w = 2330 + 2232. What is the tens digit of w?
6
Suppose -p + 3 = o, o - 8 = -p + 5*o. What is the units digit of p/10 - 4095/(-75)?
5
Let r be (-1)/(3/(-2))*(-5 - -8). What is the units digit of 38/(r/(-6)*-6)?
9
Let a = -23 + 39. Let r be (-13 + a)*1/3. What is the tens digit of -2 - r - -30 - -4?
3
Suppose -23*l - a = -25*l - 37, -57 = 3*l - 3*a. What is the thousands digit of (-245)/(-2)*-130*l/225?
1
Let q(d) = -d**2 - 4*d + 164. Let l be q(0). Suppose -206 = -10*h + l. Let b = 42 - h. What is the units digit of b?
5
Suppose -14586 = -26*g + 13*g. Suppose -5*u - 1732 = -3*d, g - 3442 = -4*d + 4*u. What is the units digit of d?
4
Let j(t) be the third derivative of t**5/30 - t**4/12 - 7*t**3/3 - 11*t**2. Let c be j(4). What is the tens digit of 4 - -6*(c - 3)?
4
What is the units digit of 14 + 153 + -8 + 18?
7
Let z(g) = -3*g + 57. Let h be z(18). Suppose h*d = -3*d + 138. What is the units digit of d?
3
Let d = -11215 - -21234. What is the thousands digit of d?
0
Let q(y) = -y**3 - 6*y**2 - 11*y - 26. Let z be q(-5). Suppose -2*g - 4*b + 950 = 0, -2*g + z*g = 2*b + 944. What is the hundreds digit of g?
4
What is the ten thousands digit of ((-1413115)/(-100) + (-9)/12)*10/4?
3
Let c = 966 + 203. What is the tens digit of c?
6
Suppose 3*h - 100557 = -6*y, 2*h + 211*y - 67036 = 206*y. What is the ten thousands digit of h?
3
Let s be 6/3 + 0/53. Suppose 3*m - 4*q = 148 + 67, -3*m - q + 235 = 0. Suppose 2*g - 226 = -g - s*d, -d = g - m. What is the tens digit of g?
7
Suppose -2*z - 251795 = -5*u, 71*u - 67*u - 201424 = 4*z. What is the tens digit of u?
6
Let o be -1371 + 2/(-4 - -6). What is the tens digit of -61 + 60 + (1 - o)?
7
Let f = 210 + -206. Suppose f*y - 923 = 693. What is the tens digit of y?
0
Suppose -4*c = -3*a + 34974, -2*a + 56*c = 57*c - 23305. Suppose -a = -23*m + 3204. What is the tens digit of m?
4
Let b be 95/4 - 3/(-12). Let c = -47 + 37. What is the units digit of ((-4)/c)/(b/60)?
1
Let q(v) = 1152*v - 692. What is the hundreds digit of q(3)?
7
Let f(k) = -k**3 + 6*k**2 + 5*k + 20746. What is the tens digit of f(0)?
4
Suppose 3*h - 5*s - 24112 = 0, -101*h + 3*s = -104*h + 24168. What is the hundreds digit of h?
0
Suppose 880*l = 883*l - 62118. What is the units digit of l?
6
Let o(d) = -2*d**3 - 9*d**2 - 11*d - 21. Let q be o(-7). What is the tens digit of 2 + (q - -1) + 2?
0
Let i(a) = 69*a - 36*a + 1 - 16*a + 67*a. Let l = -2365 + 2368. What is the hundreds digit of i(l)?
2
Let y = -719 - -6922. What is the hundreds digit of y?
2
What is the units digit of (4/(-3))/(((-20)/50)/((-15363)/(-5)))?
2
Suppose w + 3 = -82. Let l = -82 - w. Suppose -l*q + 5*u = -199, 0 = -2*q - 0*u + 2*u + 134. What is the tens digit of q?
6
Let u be (-7 + 21)/(-7) + 439. Suppose -21*w + 25*w + 5*c - u = 0, 2*w - 5*c = 241. What is the units digit of w?
3
Let m be ((-2)/14*-20)/((-96)/(-336)). What is the hundreds digit of m*187*((-170)/(-50) + -3)?
7
Suppose -169 + 161 = -2*v. Let y(p) = 182*p - 133. What is the tens digit of y(v)?
9
Suppose -60*n + 54 = -61*n. Let i(w) = -132*w**3 + w**2 + w. Let t be i(-1). Let c = t - n. What is the tens digit of c?
8
Suppose -282*y = -215*y - 182374. What is the thousands digit of y?
2
What is the units digit of (6 + -7 